(-7).
-4
Suppose -4*c - 2*c = -48. Let z(o) = o**3 - 6*o**2 - 10*o - 10. Let m be z(c). Let l = -36 + m. Let g(s) = -4*s - 2. Determine g(l).
-10
Let l(s) = s**3 + 16*s**2 + 64*s - 3. Let y(v) = v**2 + 106*v + 685. Let r be y(-99). Give l(r).
-3
Suppose -19 = k + 2*l, -6*k + 4*l = -3*k + 67. Let z be ((-20)/6)/(14/k). Let b(y) = -3 + 1 + 4*y - z*y. What is b(-3)?
1
Let i(d) = -50*d**2 + 4 - 3*d**2 - 9*d + 54*d**2. Calculate i(12).
40
Let u(h) be the first derivative of h**4/24 + 25*h**3/6 - 29*h**2 + 60. Let r(p) be the second derivative of u(p). What is r(-16)?
9
Let w(h) be the first derivative of h**4/4 + 18*h**3 - 113*h**2/2 - 51*h - 8195. What is w(-56)?
5
Let y(l) = 1221*l - 601*l - l**2 - 621*l. Let j = 1 - 0. Let s be -2 - 0/j - -3. Determine y(s).
-2
Let k(f) = -3*f**3 - 15*f**2 + 27*f - 28. Let b(a) = 8 - 9*a + 9 + a**3 + 5*a**2 - 7. Let g(t) = -17*b(t) - 6*k(t). Determine g(-7).
-37
Let q(x) = 2*x**3 - x - 2. Let c(t) = 14*t**3 + t**2 - 2*t - 14. Let n(j) = -c(j) + 6*q(j). Give n(2).
-26
Let d(z) = 2*z**2 + 27*z + 16. Let q(g) = -3*g**2 - 41*g - 24. Let c(p) = 8*d(p) + 5*q(p). Suppose 3*w = 4*v - 28, 5*w = -v - 16 - 23. Give c(w).
-16
Suppose 4*j = 5*u + 19, u = -0*j + j - 3. Let h = u + 9. Let d(w) = -5 + 3*w + 17 - 8 - 6. Determine d(h).
4
Suppose -51 = -z - 5*g + 4*g, -4*z = -3*g - 218. Let w = 66 - z. Suppose w*i = 10*i - 9. Let u(s) = s + 2. Calculate u(i).
-1
Let w(c) be the first derivative of -c**4 - c**3/3 + c - 4003. Let f = 0 + -1. What is w(f)?
4
Let r(q) = 32*q**2 - q + 41*q**2 - 75*q**2 - 3*q - 10 + 11*q. Calculate r(5).
-25
Let b(t) = -2*t**3 + 123*t**2 - 68*t + 476. Let l be b(61). Let p(s) = -s**2 + 40*s + 440. Give p(l).
-1
Let b(a) = a**3 - 8*a**2 + 10*a + 1. Let d(l) = l**3 - 6*l**2 - 7*l - 325. Let f be d(10). Give b(f).
-24
Let w(t) = -t - 2. Suppose 5*q = g + 21, -q - 7*g + 3*g = 0. Let x be (4 - 1) + (-1 - -1). Suppose -x*z - 20 = -q*v - 5, -3*v = -5*z - 25. What is w(v)?
-2
Let a be 0 + (-715)/(-39) + 1/(-3). Let w(g) = 4*g - 72. Give w(a).
0
Let a(o) = 4*o - 19362441 + 19362441 - o**2. Give a(6).
-12
Let y(w) = w**2 - 13*w - 14. Let v be y(12). Let l = 26 + v. Suppose 3*k + 8 = -5*d - l*d, 5*d - 4*k + 1 = 0. Let t(h) = 10*h. Give t(d).
-10
Let v be ((-16)/(-4))/((18/(-33))/(-3)). Let i = v + -17. Suppose -i*g - 6 + 1 = 0. Let k(n) = -4*n**2 + 2*n + 1. What is k(g)?
-5
Let m = -3960 - -3950. Let c(v) = 2*v**2 + 17*v - 24. What is c(m)?
6
Let n(m) = 98*m - 192*m + 9 - 8 + 96*m. Let i(p) = p**3 - 9*p**2 + 7*p + 6. Let l be i(8). Let b(s) = 15*s + 9. Let d(h) = l*b(h) + 18*n(h). Give d(1).
6
Let c(j) = j**3 - 22*j**2 + 41*j - 18. Suppose 24 = 2*q - 4*l, 0 = -17*l + 15*l + 8. What is c(q)?
2
Let o(m) = -87*m + 2970. Let i be o(34). Let n(k) = 8*k + 32. Let x(p) = 3*p + 11. Let s(w) = -4*n(w) + 11*x(w). Calculate s(i).
5
Let k(b) = -2*b**2 - 45*b + 75. Suppose -287*m - 792 = -254*m. What is k(m)?
3
Let q(c) = -c**2 - 3*c + 4. Let t(m) = m**2 - 10*m + 5. Let j be (0 + 9/2)*(-11 - -13). Let s be t(j). Give q(s).
0
Let b = 414 - 446. Let u = b - -25. Let t(g) = -g**3 - 7*g**2 - g - 14. Determine t(u).
-7
Let n(z) = -11*z**3 - 31*z**2 - 25*z - 219. Let p(u) = 3*u**3 + 10*u**2 + 9*u + 73. Let a(x) = -2*n(x) - 7*p(x). What is a(10)?
-3
Suppose 26*d - 1014 + 1066 = 0. Let h(o) = 5*o**2 + 5*o + 4. What is h(d)?
14
Let i(z) = -z - 9. Suppose -5*u + 4*b = -44, 4*u - 10 = 2*b - 3*b. Calculate i(u).
-13
Let m(v) = -3*v**2 + 184*v + 1194. Let g be m(-6). Let x(u) = 2*u**2 + 31*u - 6. What is x(g)?
84
Let x(y) = y**2 + 12*y - 20. Let z be (-7)/2*((-92)/(-28) + -5). Let g be ((-12)/(-9))/(1/(-63)*z). Determine x(g).
8
Suppose -4*p + 2 = -4*v + 10, -2*p + 3*v - 2 = 0. Let s be 21/5 + (-5)/(-100)*p. Let c(q) = 1 + 4*q**2 + q**2 + 3*q**3 - 4*q**3 - 6*q. Calculate c(s).
-7
Let w(h) = -3*h + 11. Suppose 0 = -7*z - 149 + 1248. Suppose 24 = -z*p + 160*p. Give w(p).
-13
Let p be 12/36 + 571/(-3). Let k be p/70 - 4/14. Let y(s) = -s - 5. Let l be y(k). Let t(r) = -r**2 - 2*r + 1. What is t(l)?
1
Let n(l) = 869*l + 856*l - 1723*l + 11. Determine n(-4).
3
Let u(n) = 3*n - 1. Let p(j) = -13*j - 11. Let r(y) = -p(y) - 5*u(y). Determine r(-8).
32
Let p be (2 + -1)/(9/(-3) + 4). Let m(l) = 17*l - 5. Let x be m(p). Suppose 2*f = s + 6, -2*s - 5*f + 3*f = -x. Let r(q) = -4*q**2 + 3*q - 2. Determine r(s).
-12
Let w(j) = -2 + j - 3*j - j**2 + j. Suppose 0 = -10*b - 3*b. What is w(b)?
-2
Suppose 3*t - 660*y + 22 = -655*y, y - 3 = 2*t. Let v(u) = -5*u**2 - u. Give v(t).
-6
Let r(i) = i**3 - 8*i**2 + 4*i + 17. Let q = -498 - -501. Suppose -q*y - 5*k + 36 = 0, 23*k - 9 = 20*k. What is r(y)?
-4
Let l(k) = -17 - 4 - 154*k - 15 + 164*k. What is l(3)?
-6
Let l(u) = -1 + 7*u - 3 + 1. Let w(q) = -8*q - 6. Let c = 243 - 244. Let s be w(c). Give l(s).
11
Suppose 1067 - 3317 = 250*w. Let f(g) = -2*g**2 - 12*g + 51. Give f(w).
-3
Let u(v) = -3*v**3 + v + 1. Let a(l) = -2*l**3 - 40*l**2 - l - 21. Let n be a(-20). What is u(n)?
3
Let v = 8 + -4. Let b(p) = -p**3 + 4*p**2 + 16*p - 53. Let z be b(5). Let a(i) = -v*i - 3*i**z + 5 + 2*i**2 - 4 + 0. Give a(-5).
-4
Let w(t) = -t**3 - 13*t**2 - 14*t - 16. Let u(v) = 2*v**2 - 34*v - 48. Suppose 6*o - 217 + 109 = 0. Let x be u(o). Give w(x).
8
Suppose 0 = -92*s + 108*s - 16. Suppose 0 = -v - s, c + 1 = 3*v + 4. Let r(a) = a**2 + 29. Determine r(c).
29
Let j(i) be the second derivative of 1/2*i**2 + 25*i + 0 + 0*i**3 + 13/6*i**4. Calculate j(-1).
27
Let r(v) = 6*v**2 - 5. Let k(b) = -12*b**2 + b + 11. Let c(g) = -3*k(g) - 7*r(g). Suppose 3*l = -t + 11, 150*l - 155*l + 61 = 7*t. Calculate c(l).
-7
Let t(g) = 4*g - 1. Let o(c) = -3*c**2 - 14*c + 3. Let k be o(3). Let m = -84 - k. Let w be (-2)/(-3)*m/(-12). Calculate t(w).
3
Let c(d) = 8*d - 9. Suppose 23 = 18*q - 75 + 26. Give c(q).
23
Let i(y) = -29*y**2 - 5*y + 19 + 4*y - y - 15 - 2. Calculate i(-1).
-25
Suppose -4*b + 99 - 27 = 0. Suppose -4*y + 9 + b = 5*x, -36 = -4*x + 4*y. Let c(h) = 3*h + 5. Let s(r) = -4*r - 5. Let n(u) = 5*c(u) + 4*s(u). What is n(x)?
-2
Let z(m) = m**2 - 1084*m - 3263. Let w be z(-3). Let g(q) = -3*q**3 - 2*q**2 - 3*q - 5. What is g(w)?
17
Let p(v) = 2*v**2 + 1 - 2*v + 5 - v**2 - 4. Let z(k) = 4*k - 34. Let l be z(0). Let b = l + 36. What is p(b)?
2
Let k(v) = -2*v**3 + 5*v**2 + 7. Let b(t) = -3*t**3 + 5*t**2 + 7. Let s(o) = -3*b(o) + 4*k(o). Let y be (-11)/(66/(-36)) + 0. Suppose y = -8*j - 34. Give s(j).
7
Let t(i) = -4*i + 2*i - 146772 - i**2 + 4*i**3 + 146771. Determine t(-1).
-4
Let z(r) = -7*r**2 - 14*r - 14. Let s(k) = -3*k**2 - 8*k - 7. Let c = -880 + 882. Let h(v) = c*z(v) - 5*s(v). Determine h(-11).
-4
Suppose 0 = 5*g + 20, -6*n + 2*n + 48 = -4*g. Suppose n*z = 21*z. Let c(v) = -v**2 - 41. Determine c(z).
-41
Let l(m) = 32*m - 5 - 3*m**2 - 6*m**2 + 6*m**2 - 37*m + 4*m**2. Determine l(6).
1
Suppose -30 = -2*d - 3*v, 44*v - 43*v = -5*d + 36. Let l(n) = n**3 - 7*n**2 + 7*n + 1. Give l(d).
7
Suppose 2517*q = 2527*q + 10. Let p(y) = 41*y**3 - y**2 - 2*y. Determine p(q).
-40
Let f(x) = -29*x**3 - 32*x**2 + 42*x + 74. Let c(a) = -24*a**3 - 33*a**2 + 41*a + 68. Let n(k) = -6*c(k) + 5*f(k). Determine n(37).
-1
Let g(s) be the second derivative of -s**5/20 + s**4/12 - s**3/6 + s**2/2 + 1653*s - 6. Let y be 1/1*2 - 0. What is g(y)?
-5
Let l(x) = 6*x + 8*x - 6*x - 5*x**2 + 0 + 6*x**2 - 2. Calculate l(-6).
-14
Let g(b) be the third derivative of -4*b**2 + 0*b**4 - 1/6*b**3 + 0 - 1/120*b**6 - b - 1/60*b**5. Give g(0).
-1
Let b(j) = j**3 + 5*j**2 + 5*j - 4. Suppose 0 = 3*c - 2*s - 30, 0 = c + c + 4*s - 36. Suppose -m + 4*m = -c. Calculate b(m).
-8
Suppose -s + 5*w = -30, 2*w - 93 = -103. Let k(o) = 11*o - 9. Determine k(s).
46
Suppose 3*q - 9 = -4*k + 2*k, q - 33 = -4*k. Suppose k*r - 18*r = 0. Let m(w) = w**3 + w - 27. Determine m(r).
-27
Let h(s) = 10*s**3 - 97*s**2 + 16*s + 105. Let r(n) = 2*n**3 - 18*n**2 + 3*n + 19. Let l(x) = 2*h(x) - 11*r(x). Determine l(3).
-20
Let j be -4*((-28)/16 + (-1)/(-1)). Let s(d) = -j*d - 5*d - d + 14*d - 7*d. Give s(1).
-2
Let n(r) be the second derivative of -5*r**3/6 + 107*r**2/2 + 187*r. Let z be n(22). Let j(p) = -4 + 4*p**2 + 1 + p**3 - 2*p**2 - 5*p. Determine j(z).
3
Suppose -2 = 9*u - 8*u - l, -8*u - 4*l - 64 = 0. Let r(j) = 4*j**2 + 15*j - 4. Calculate r(u).
50
Suppose 0 = -d - 1 + 4. Suppose -11 + 2 = d